 + 4*o, 3*m = 3*o - 15. What is the highest common factor of f and o?
1
Let l(c) = c**3 - 23*c**2 + 2*c + 10. Let s be l(23). Suppose -4*z - s = -6*z. What is the highest common factor of z and 112?
28
Let j be 6/15 + (-23)/(-5). Let h(u) = 46*u - 6. Let i be h(3). Suppose -9*n + j*n + i = 0. Calculate the greatest common divisor of 11 and n.
11
Let w be ((-100)/(-6))/((-10)/(-15)). Suppose w = u + 2. What is the greatest common factor of u and 69?
23
Suppose 7*f - 4*f - 24 = 0. Let p = 7 + f. What is the greatest common divisor of p and 9?
3
Let s(n) be the second derivative of -1/3*n**3 + 7/2*n**2 + 0 + 10*n. Let t be s(-6). What is the highest common factor of t and 209?
19
Let t = -5 - -10. Suppose t*p - 4 = 6. Suppose p*r + r = 42. What is the greatest common factor of 7 and r?
7
Let j be (112/6 + 2)*6. Suppose 3*g - j = 2*s - s, -4*g = 3*s - 148. Suppose -o - 1 = -2*q + 4, -o + 20 = 3*q. Calculate the highest common factor of g and o.
5
Suppose -4*q = -72 + 48. Suppose -q*r + 1056 = -3*r. What is the greatest common factor of r and 32?
32
Let w(p) = 5*p + 212. Let b be w(-5). Suppose 0 = -0*h - h - 4*y + 21, 20 = h + 3*y. Calculate the greatest common divisor of b and h.
17
Let o = -55 + 126. Calculate the highest common divisor of o and 284.
71
Suppose 4*l = -u, -4*u = -u - 4*l - 48. Let t = -2575 - -2579. Calculate the highest common factor of t and u.
4
Suppose -4*c = 4*c - 2*c. Let i be 0 - -9 - (1 - (2 + c)). Calculate the greatest common factor of i and 15.
5
Suppose 3*k + 3*s = 7*k + 9, -k + s = 2. Let u = k + 12. Calculate the highest common factor of 9 and u.
9
Suppose 2*n + 4*r = 28, -5*r = -5*n + 7 + 3. What is the greatest common divisor of n and 54?
6
Suppose -4*a - 12 = 0, 3*j - 5*a - 229 = 857. Calculate the greatest common divisor of 84 and j.
21
Let l(q) = 8*q**2 + 15*q - 4. Let i be l(-4). What is the highest common divisor of i and 8?
8
Suppose 0 = -5*u + 8*u. Let l(w) = -w + 13. Let j be l(u). Calculate the greatest common factor of 117 and j.
13
Let o = -17 - -1. Let t = 64 + o. Calculate the highest common divisor of t and 36.
12
Suppose -4*g - c - 5 = g, -2*c = 10. Suppose g*x + 14 = x. Suppose 0 = -h + p + 36, -4*h + 2*p + 143 - 1 = 0. Calculate the highest common divisor of x and h.
7
Let b(l) = l**3 + 13*l**2 - 11*l + 39. Let w be b(-14). Let s be (w - 117/(-15))*30. What is the greatest common divisor of s and 18?
18
Suppose 211 - 11 = 5*t. Suppose -l - 4*v + 21 = 0, 0 = -4*l + v - 0*v + 16. Calculate the greatest common divisor of t and l.
5
Let v(y) = 6*y - 24. Let k be v(11). Let w = -212 + 530. Let r be (w/(-3) - -1)*-1. Calculate the highest common divisor of r and k.
21
Let i(h) = -h**2 + 4*h + 22. Suppose 4*m - 3*j = 33, 4*m + 3*j - 19 + 4 = 0. Let t be i(m). What is the greatest common divisor of 250 and t?
10
Let s(i) = i**2 + 13*i + 11. Let u be s(-7). Let j = u - -171. Let y = 16 + 4. Calculate the highest common factor of y and j.
20
Suppose 46516 = 9*m + 20*m. Calculate the highest common divisor of m and 4.
4
Suppose 0 = 2*s - 64 + 20. Suppose -3*q - 2*q = -j + 11, 2 = -2*q. Suppose -5*g = -j*g + s. Calculate the highest common factor of 44 and g.
22
Suppose s - 11 = -0*s. Let z(l) = -4*l**2 + s*l**3 + 2*l**2 - 2 - 2*l - 12*l**3. Let v be z(-4). Calculate the highest common divisor of 95 and v.
19
Suppose 0 = 5*c - 38 - 2. Calculate the highest common divisor of c and 1624.
8
Suppose 0 = 5*t, -3*t + 27 - 7 = -5*k. Let j(w) = w**3 + 4*w**2 - 3*w - 1. Let q be j(k). Let g = 321 + -266. Calculate the greatest common divisor of g and q.
11
Let r be (4/(-10))/(10/(-100)). Let n be (-12)/8*r/(-6). Suppose -2*z + 6 = -2*s, -2*s - 26 = -4*z - 5*s. Calculate the highest common factor of z and n.
1
Suppose 2*j = -5*a + 92, j + 0*a = a + 60. Suppose -2 = 3*l + 4. Let h be 1 + 27*(-2)/l. What is the highest common factor of h and j?
28
Suppose 0 = -2*r + 55 + 11. Let u = 9 + -4. Suppose -2*k - 5 = -7*k, -3*k = u*v - 18. Calculate the highest common divisor of v and r.
3
Let n = -245 - -416. Calculate the greatest common divisor of n and 27.
9
Let d(o) = o**3 + 16*o**2 + 35*o - 1. Let n be d(-13). What is the greatest common divisor of n and 9?
3
Let y be -1 + 5 - ((-3 - 8) + 8). Calculate the greatest common factor of 329 and y.
7
Suppose 0 = -5*j - 0*t + 4*t + 102, j - 6 = -4*t. Suppose -13 = f - 46. Let d be f/22*(1 - -83). What is the greatest common factor of d and j?
18
Let g = 958 - 822. What is the highest common divisor of g and 119?
17
Let h be (-66)/(-44)*392/6. Suppose -5*p + 1 = 4*x, 5*x + 1 + 8 = 4*p. Let w(d) = 15*d**2 + d. Let m be w(x). Calculate the greatest common factor of h and m.
14
Suppose -7 = -q + 6. Let u be (8 - q)/(2/(-6)*1). Calculate the greatest common factor of 15 and u.
15
Suppose -59 = -5*i + 76. Calculate the highest common factor of 459 and i.
27
Suppose 6*d - 4*d = -2*p + 26, d + 4*p - 7 = 0. Let n be -1 - (-216)/d - 2/5. What is the highest common factor of n and 104?
13
Let y be 5 + (-99)/21 - (-710)/14. What is the highest common divisor of 3 and y?
3
Let m = -3 - 2. Let s be (-3 - m)/((-4)/(-10)). Calculate the greatest common factor of s and 95.
5
Suppose -1075 = -u - 239. What is the highest common divisor of 44 and u?
44
Let u be (-1)/(-2)*-4 - -52. Let s = u + -5. Calculate the greatest common divisor of 18 and s.
9
Let t be (84/15)/(10/125). What is the highest common divisor of 560 and t?
70
Suppose k + 0 + 2 = 0. Let f be (-45)/12*(k + -2). Let t = -25 + 55. Calculate the highest common divisor of f and t.
15
Let m be (-7)/((-21)/369) - 3. Calculate the highest common divisor of m and 144.
24
Let x = -45 - -50. Suppose -t - 4*r + 11 = -3*r, 4*r - 56 = -x*t. What is the highest common factor of 30 and t?
6
Let m be (-3 - -3) + (2 - -1). Suppose 3*d - 39 - 50 = j, m*d - 99 = 3*j. What is the highest common divisor of 7 and d?
7
Let a = 23 - 23. Suppose -3*r + 2*r - 14 = a. Let g be r/14*(0 + -6). Calculate the highest common factor of g and 54.
6
Let t = -101 - -215. Calculate the greatest common divisor of t and 48.
6
Let g be 1/((-2)/(-4) - 0/(-13)). What is the highest common factor of g and 166?
2
Let p be 2990/20 + (-4 + 3)/(-2). Calculate the greatest common factor of 6 and p.
6
Let b(i) be the second derivative of i**3/2 + i**2 - 4*i. Let m be b(-2). Let w be 4/(-8) + (-86)/m. Calculate the greatest common divisor of w and 168.
21
Suppose 4*t - 1700 - 604 = 0. Calculate the highest common factor of 84 and t.
12
Suppose -150 = -11*r + 48. Suppose -5*u = -4*z - 828, z + 0*u = -3*u - 190. Let i be z/(-6) - r/27. What is the highest common factor of 11 and i?
11
Suppose -7*q + q + 156 = 0. Let f = q - 16. Calculate the greatest common divisor of 70 and f.
10
Suppose 2*t - 226 = 5*g, -4*t = -6*g + 3*g - 424. Calculate the highest common factor of t and 2369.
103
Let h(w) = w**3 + 17*w**2 - 16*w + 12. Let o be h(-15). What is the greatest common factor of 26 and o?
26
Suppose -2*h = -5*j + 260, 10 = -50*h + 52*h. Suppose 64 = 5*q - 296. Calculate the greatest common divisor of q and j.
18
Let u(m) = -m**2 - 13*m + 11. Let a be u(-7). Let b = 87 - a. What is the greatest common factor of 51 and b?
17
Suppose 12*x - 2540 - 11596 = 0. Calculate the greatest common factor of x and 62.
62
Let m(f) = -f**2 + 13*f - 20. Let k(n) = n**3 - 7*n**2 + 8. Let x be k(7). Let s be m(x). Calculate the highest common divisor of 50 and s.
10
Let o be (0 - -25) + 13/39*6. Calculate the greatest common divisor of o and 189.
27
Suppose -4*v - 1 = -69. What is the greatest common divisor of 731 and v?
17
Suppose 50*p + 660 = 60*p. What is the highest common factor of p and 418?
22
Suppose -3*b + 5 = -2*b. Let r(c) be the first derivative of c**3/3 + 2*c**2 + c + 3. Let h be r(-4). What is the highest common factor of b and h?
1
Suppose n + n + 2*y - 4 = 0, 0 = n - 5*y + 10. Suppose 2*z - 29 + 5 = n. Calculate the highest common factor of z and 60.
12
Suppose -3 = 2*h - 5*h, -3*h - 39 = -2*l. Calculate the highest common factor of 441 and l.
21
Let r = 44 + -28. Suppose b = -z - 4*b - 29, 0 = 5*b + 25. Let x = r - z. Calculate the greatest common divisor of x and 10.
10
Let v(d) = -d**3 - 7*d**2 + 4*d - 7. Let a be v(-8). Let k = 15 - a. Let p = k - -14. What is the greatest common